 + 11*k - 15. Determine w(8).
9
Let f(l) = -l**2 + 18*l - 14. Give f(17).
3
Let j(g) = 4*g - 15. Give j(6).
9
Let w(k) = k**2 - k + 1. What is w(0)?
1
Let w(a) = 4*a**3 - 4*a**2 - 10. Calculate w(3).
62
Let g(b) = b**3 + 9*b**2 + 15*b + 12. Give g(-7).
5
Let y(n) = n**3 - 30*n**2 + 178*n - 38. Determine y(22).
6
Let g(t) = 20*t**2 + t. What is g(-1)?
19
Let b(o) = -o - 14. Determine b(-12).
-2
Let f(t) = 2*t**3 + 4*t**2 + 2*t + 2. Calculate f(-3).
-22
Let u(b) = b**3 - 49*b**2 + 93*b + 32. What is u(47)?
-15
Let d(a) = a**3 - 5*a**2 - a + 5. What is d(5)?
0
Let z(r) = -5*r + 22. Give z(6).
-8
Let f(t) = -t**3 + 12*t**2 + 15. Determine f(12).
15
Let l(f) = f**3 - 6*f**2 + 13*f - 4. Determine l(2).
6
Let w(t) = 6*t - 51. What is w(8)?
-3
Let g(p) = -p + 10. Determine g(8).
2
Let m(w) = -w**3 - 9*w**2 - 11*w + 6. What is m(-8)?
30
Let a(i) = -6*i**2 - 66*i - 55. What is a(-10)?
5
Let c(g) = 3*g**3 - 2*g**2 - 2*g + 2. What is c(-2)?
-26
Let g(u) = -8*u + 26. Calculate g(5).
-14
Let y(c) = c**2 - 12*c - 20. Determine y(14).
8
Let s(r) = -2*r**2 - 5*r - 4. Calculate s(-1).
-1
Let c(a) = -2*a**2 - 28*a - 6. Calculate c(-14).
-6
Let c(r) = 6*r**2 - 4*r - 3. Determine c(-2).
29
Let s(n) = -2*n**2 - 29*n - 51. What is s(-12)?
9
Let m(f) = -f**2 + 18*f - 51. Calculate m(15).
-6
Let h(m) = m**3 - 5*m**2 - 6*m - 8. Calculate h(6).
-8
Let s(x) = -x**3 - 12*x**2 - 11*x + 10. What is s(-11)?
10
Let m(r) = 32*r - 52. What is m(2)?
12
Let o(v) = -v**2 + 3*v - 2. What is o(0)?
-2
Let y(j) = -5*j. Give y(-7).
35
Let q(x) = -2*x**2 + 7*x + 22. Calculate q(8).
-50
Let y(j) = j**2 - j + 6. Determine y(-8).
78
Let i(k) = -11*k. Determine i(-1).
11
Let r(a) = -a**2 - 13*a + 201. Give r(-23).
-29
Let v(j) = j**2 - 16*j - 12. Calculate v(17).
5
Let r(o) = -o**2 + 5*o + 30. Calculate r(-6).
-36
Let s(r) = r**3 - 28*r**2 + 24*r + 43. Calculate s(27).
-38
Let v(k) = 2*k + 26. Give v(-21).
-16
Let o(c) = -c**2 - 6*c + 6. What is o(-5)?
11
Let k(p) = -5*p + 94. Calculate k(18).
4
Let l(j) = 6*j - 122. Determine l(19).
-8
Let d(g) = -g**2 - 8*g + 87. Determine d(-14).
3
Let h(a) = -a + 8. Determine h(-6).
14
Let a(f) = 4*f - 2. Calculate a(4).
14
Let n(d) = -d**2 + 12*d + 4. Determine n(10).
24
Let t(g) = 63*g**3 - g**2 + 5*g - 4. What is t(1)?
63
Let k(c) = -5*c + 2. Calculate k(3).
-13
Let w(m) = -57*m + 235. Determine w(4).
7
Let x(l) = 5*l**2 + 4*l + 7. Determine x(-2).
19
Let q(p) = 19*p - 422. What is q(22)?
-4
Let d(y) = -29*y + 144. Determine d(5).
-1
Let b(k) = 5*k. What is b(4)?
20
Let n(b) = 7*b - 17. What is n(4)?
11
Let l(d) = 36*d**3 - 2*d**2 + d. Calculate l(1).
35
Let o(x) = -x**3 - x**2 - 11. Give o(0).
-11
Let r(x) = -4*x**2 - 22*x - 15. Give r(-5).
-5
Let r(s) = -s**2 - 21*s - 74. Calculate r(-17).
-6
Let r(n) = 3*n + 48. Give r(-15).
3
Let t(a) = -a**3 - 6*a**2 - 8*a - 5. Determine t(-3).
-8
Let u(t) = -t**3 - t**2 + 4*t - 2. Calculate u(3).
-26
Let g(o) = o**2 + 7*o - 11. What is g(-3)?
-23
Let k(f) = f**3 - 5*f**2 - 5*f. Calculate k(5).
-25
Let s(o) = -3*o + 2. Give s(-2).
8
Let s(f) = 62*f**2 + 2*f - 2. Give s(1).
62
Let x(j) = -5*j + 34. Calculate x(8).
-6
Let t(j) = 7*j**2 - 2*j + 3. What is t(2)?
27
Let s(j) = -2*j**2 - 8*j - 1. Calculate s(-6).
-25
Let l(a) = -9*a + 15. What is l(-10)?
105
Let r(h) = h**3 + 5*h**2 + 2*h. Give r(-3).
12
Let a(y) = y**3 - 2*y**2 + 4*y + 8. What is a(0)?
8
Let a(q) = 2*q**2 + 15*q - 7. Give a(-8).
1
Let w(x) = 2*x + 2. Calculate w(-4).
-6
Let t(h) = 23*h. Give t(1).
23
Let m(p) = p**3 - 8*p**2 + 2*p - 1. Calculate m(8).
15
Let d(s) = s**3 + s**2 - 6*s - 1. What is d(0)?
-1
Let a(g) = g**2 - 8*g - 16. Calculate a(6).
-28
Let b(j) = -j - 3. What is b(1)?
-4
Let l(p) = -p**3 - 9*p**2 - 15*p + 5. What is l(-6)?
-13
Let a(b) = 2*b + 5. Determine a(-7).
-9
Let i(f) = -27*f**2 - f - 1. Calculate i(-1).
-27
Let d(t) = -t**3 - 7*t**2 - 6*t. What is d(-6)?
0
Let g(v) = 6*v**2 + 3*v - 22. Determine g(3).
41
Let g(b) = -6*b**2 + 67*b + 68. Give g(-1).
-5
Let h(y) = 18*y - 88. Give h(6).
20
Let g(z) = -10*z**2 - z. Calculate g(1).
-11
Let n(g) = -g**2 + 6*g - 1. Calculate n(5).
4
Let h(c) = 7*c - 33. What is h(-11)?
-110
Let o(a) = a**2 - 9*a + 18. What is o(8)?
10
Let t(o) = 2*o**2 + 4*o - 28. Determine t(-5).
2
Let f(s) = -s**3 - 4*s**2 + 5*s + 2. What is f(-4)?
-18
Let a(k) = -k**3 + 8*k**2 - 3*k. Give a(3).
36
Let w(b) = -5*b - 5. Calculate w(-7).
30
Let p(k) = -k**2 + 7. Calculate p(3).
-2
Let s(w) = -w**3 + 23*w**2 - 21*w - 25. Determine s(22).
-3
Let k(o) = -6*o**2 - 14*o - 15. Give k(-5).
-95
Let c(u) = u**3 + 6*u**2 + 13*u + 76. Give c(-6).
-2
Let f(i) = -i**3 + 18*i**2 - 30*i + 10. Determine f(16).
42
Let x(h) = h**3 + 11*h**2 + 24*h + 33. Determine x(-9).
-21
Let g(q) = q**3 + 7*q**2 - 11*q + 4. What is g(-8)?
28
Let f(m) = -m**2 + 3*m - 8. What is f(6)?
-26
Let l(y) = -y + 1. Give l(-8).
9
Let i(z) = -2*z**3 + 15*z**2 - 7*z + 9. What is i(7)?
9
Let o(w) = w**2 + 38*w + 178. Determine o(-6).
-14
Let j(u) = u**3 + 16*u**2 - 3*u - 19. Determine j(-16).
29
Let r(s) = -2*s - 28. What is r(-14)?
0
Let v(n) = 2*n**2 + 68*n + 136. What is v(-32)?
8
Let c(h) = -h**2 - 7*h - 13. Determine c(-6).
-7
Let m(t) = -t**3 - 7*t**2 + t + 6. Calculate m(-7).
-1
Let c(d) = -d**2 + 11*d - 29. What is c(7)?
-1
Let t(m) = 25*m - 97. Calculate t(3).
-22
Let x(h) = 2*h + 23. Calculate x(-9).
5
Let g(x) = x**2 - 8*x + 5. Determine g(9).
14
Let w(i) = 5*i - 45. Calculate w(9).
0
Let o(i) = -i**3 + 7*i**2 + 6*i + 8. Give o(8).
-8
Let c(l) = -4*l + 3. Give c(-11).
47
Let d(s) = s**2 + 2*s + 2. Calculate d(-6).
26
Let y(h) = -h**3 + 6*h**2 - h - 6. Calculate y(5).
14
Let o(h) = -h**3 + 17*h**2 + 38*h + 8. Calculate o(19).
8
Let o(r) = -r**2 + 7*r - 8. Calculate o(5).
2
Let a(j) = j**2 - 2*j + 2. Give a(4).
10
Let i(c) = -19*c**2 + 2*c + 1. Calculate i(-1).
-20
Let c(r) = -r**2 + 26*r - 91. What is c(23)?
-22
Let w(f) = 2*f**3 + 5*f**2 + 22*f + 76. Calculate w(-3).
1
Let t(z) = -11*z - 3. Calculate t(1).
-14
Let g(r) = -10*r - 44. What is g(-6)?
16
Let u(v) = 145*v**3 + 2*v**2 - 2*v. Determine u(1).
145
Let z(n) = n + 43. Determine z(-6).
37
Let y(z) = z**2 + 5*z + 9. Give y(-5).
9
Let b(u) = 2*u**2 - 7*u + 4. What is b(-6)?
118
Let i(p) = 5*p - 53. Give i(7).
-18
Let o(a) = a**2 + 16*a + 1. Calculate o(-2).
-27
Let r(a) = a**3 + a + 14. What is r(0)?
14
Let b(o) = o**3 - 6*o**2 + 3*o + 4. Determine b(5).
-6
Let j(q) = 49*q**3 - 2*q**2 + q. Give j(1).
48
Let r(o) = -2*o**2 - 2*o - 31. What is r(0)?
-31
Let a(m) = 2*m - 1. Give a(-14).
-29
Let o(f) = -f**3 - 27*f**2 + f - 21. Determine o(-27).
-48
Let a(w) = w**2 - w - 139. Calculate a(-11).
-7
Let a(b) = 3*b - 16. Calculate a(7).
5
Let s(l) = l**2 + 5*l + 15. What is s(-3)?
9
Let j(i) = i**3 - 6*i**2 + 2*i + 4. Determine j(6).
16
Let n(z) = z**2 + 12*z + 1. Give n(-11).
-10
Let i(j) = -j**2 + 2*j - 5. Give i(6).
-29
Let h(o) = o**3 - 7*o**2 + 10*o + 8. Calculate h(5).
8
Let n(p) = -6*p**2 + 44*p - 84. Calculate n(5).
-14
Let a(u) = 40*u**2 + 2*u + 1. Give a(-1).
39
Let x(k) = -k**3 - 3*k**2 - 11*k - 18. What is x(-2)?
0
Let k(f) = -f**2 + 10. Calculate k(5).
-15
Let h(p) = p**3 - 11*p**2 - 2*p + 7. Determine h(6).
-185
Let j(y) = -y**2 - 12*y - 31. Calculate j(-7).
4
Let l(y) = -9*y - 14. What is l(-4)?
22
Let o(q) = -q**2 + 7*q - 4. What is o(3)?
8
Let j(r) = r**2 + 7*r - 17. What is j(-9)?
1
Let v(i) = -5*i**3 + 2*i**2 + 4*i + 5. Determine v(-2).
45
Let a(g) = -g**3 - 25*g**2 - 25*g + 9. Give a(-24).
33
Let y(j) = j**3 + 7*j**2 + 6*j + 6. Calculate y(-6).
6
Let o(j) = j**3 + 9*j**2 - 11*j + 7. Determine o(-10).
17
Let m(d) = 7*d**2 - 2. Determine m(2).
26
Let g(f) = -6*f + 78. What is g(11)?
12
Let r(q) = q**2 - 24*q + 84. What is r(21)?
21
Let m(a) = -a**2 - 4*a. What is m(-5)?
-5
Let t(w) = -w**2 + 30*w - 4. What is t(0)?
-4
Let q(v) = 5*v - 6. Give q(2).
4
Let n(r) = -r**3 + 8*r**2 - 9*r + 10. Calculate n(7).
-4
Let i(q) = -11*q**2 + 67*q - 9. Calculate i(6).
-3
Let m(g) = -g**2 - g + 33. What is m(0)?
33
Let u(z) = z**3 + 9*z**2 - 188*z + 30. Give u(-19).
-8
Let f(v) = 7*v + 10. What is f(-5)?
-25
Let j(w) = -w**2 - 20*w - 33. Give j(-17).
18
Let x(i) = -i**2 - 16*i - 65. Give x(-10).
-5
Let k(g) = 2*g - 5. What is k(6)?
7
Let d(s) = -s**2 + 7*s - 5. What is d(2)?
5
Let q(g) = -2*g**2 + 34